{"id":801,"date":"2025-06-13T00:31:40","date_gmt":"2025-06-13T00:31:40","guid":{"rendered":"http:\/\/zdrowiejoga.pl\/?page_id=801"},"modified":"2025-07-13T19:36:00","modified_gmt":"2025-07-13T19:36:00","slug":"najlepszy-program-oczyszcajacy-caly-ogranizm-program-2-cola-vada-plus","status":"publish","type":"page","link":"https:\/\/zdrowiejoga.pl\/index.php\/najlepszy-program-oczyszcajacy-caly-ogranizm-program-2-cola-vada-plus\/","title":{"rendered":"Produkty &#8211; Cola-Vada"},"content":{"rendered":"\t\t<div data-elementor-type=\"wp-page\" data-elementor-id=\"801\" class=\"elementor elementor-801\">\n\t\t\t\t<div class=\"elementor-element elementor-element-b089915 e-flex e-con-boxed e-con e-parent\" data-id=\"b089915\" data-element_type=\"container\">\n\t\t\t\t\t<div class=\"e-con-inner\">\n\t\t<div class=\"elementor-element elementor-element-91c5c0e e-con-full e-flex e-con e-child\" data-id=\"91c5c0e\" data-element_type=\"container\" data-settings=\"{&quot;background_background&quot;:&quot;classic&quot;}\">\n\t\t<div class=\"elementor-element elementor-element-e6e11d8 e-con-full e-flex e-con e-child\" data-id=\"e6e11d8\" data-element_type=\"container\">\n\t\t<div class=\"elementor-element elementor-element-88ef8df e-con-full e-flex e-con e-child\" data-id=\"88ef8df\" data-element_type=\"container\">\n\t\t\t\t<div class=\"elementor-element elementor-element-6fba340 elementor-widget__width-initial zoooom elementor-widget elementor-widget-image\" data-id=\"6fba340\" data-element_type=\"widget\" data-widget_type=\"image.default\">\n\t\t\t\t<div class=\"elementor-widget-container\">\n\t\t\t\t\t\t\t\t\t\t\t\t\t\t\t<img fetchpriority=\"high\" decoding=\"async\" width=\"600\" height=\"600\" src=\"https:\/\/zdrowiejoga.pl\/wp-content\/uploads\/2025\/06\/CV_Mix_Engl-1.png\" class=\"attachment-large size-large wp-image-803\" alt=\"\" srcset=\"https:\/\/zdrowiejoga.pl\/wp-content\/uploads\/2025\/06\/CV_Mix_Engl-1.png 600w, https:\/\/zdrowiejoga.pl\/wp-content\/uploads\/2025\/06\/CV_Mix_Engl-1-300x300.png 300w, https:\/\/zdrowiejoga.pl\/wp-content\/uploads\/2025\/06\/CV_Mix_Engl-1-150x150.png 150w\" sizes=\"(max-width: 600px) 100vw, 600px\" \/>\t\t\t\t\t\t\t\t\t\t\t\t\t\t\t<\/div>\n\t\t\t\t<\/div>\n\t\t\t\t<div class=\"elementor-element elementor-element-0e9427d elementor-absolute elementor-widget elementor-widget-image\" data-id=\"0e9427d\" data-element_type=\"widget\" data-settings=\"{&quot;_position&quot;:&quot;absolute&quot;}\" data-widget_type=\"image.default\">\n\t\t\t\t<div class=\"elementor-widget-container\">\n\t\t\t\t\t\t\t\t\t\t\t\t\t\t\t<img decoding=\"async\" src=\"https:\/\/zdrowiejoga.pl\/wp-content\/uploads\/elementor\/thumbs\/Group-4-\u043a\u043e\u043f\u0456\u044f-r77ra4q79hq6me7zbvxneicfoez73sx523ovevc94s.png\" title=\"Group 4 \u043a\u043e\u043f\u0456\u044f\" alt=\"Group 4 \u043a\u043e\u043f\u0456\u044f\" loading=\"lazy\" \/>\t\t\t\t\t\t\t\t\t\t\t\t\t\t\t<\/div>\n\t\t\t\t<\/div>\n\t\t\t\t<\/div>\n\t\t<div class=\"elementor-element elementor-element-51ae886 e-con-full e-flex e-con e-child\" data-id=\"51ae886\" data-element_type=\"container\">\n\t\t\t\t<div class=\"elementor-element elementor-element-ec4c196 elementor-widget elementor-widget-heading\" data-id=\"ec4c196\" data-element_type=\"widget\" data-widget_type=\"heading.default\">\n\t\t\t\t<div class=\"elementor-widget-container\">\n\t\t\t\t\t<h2 class=\"elementor-heading-title elementor-size-default\">Najlepszy program oczyszczaj\u0105cy ca\u0142y ogranizm Program Cola-Vada<\/h2>\t\t\t\t<\/div>\n\t\t\t\t<\/div>\n\t\t<div class=\"elementor-element elementor-element-425d4df e-con-full e-flex e-con e-child\" data-id=\"425d4df\" data-element_type=\"container\">\n\t\t\t\t<div class=\"elementor-element elementor-element-3661d13 elementor-widget__width-auto elementor-widget elementor-widget-heading\" data-id=\"3661d13\" data-element_type=\"widget\" data-widget_type=\"heading.default\">\n\t\t\t\t<div class=\"elementor-widget-container\">\n\t\t\t\t\t<h2 class=\"elementor-heading-title elementor-size-default\">487.00 z\u0142<\/h2>\t\t\t\t<\/div>\n\t\t\t\t<\/div>\n\t\t\t\t<div class=\"elementor-element elementor-element-027049c elementor-widget elementor-widget-heading\" data-id=\"027049c\" data-element_type=\"widget\" data-widget_type=\"heading.default\">\n\t\t\t\t<div class=\"elementor-widget-container\">\n\t\t\t\t\t<h2 class=\"elementor-heading-title elementor-size-default\">387.00 z\u0142<\/h2>\t\t\t\t<\/div>\n\t\t\t\t<\/div>\n\t\t\t\t<\/div>\n\t\t\t\t<div class=\"elementor-element elementor-element-1b04aa6 elementor-widget elementor-widget-text-editor\" data-id=\"1b04aa6\" data-element_type=\"widget\" data-widget_type=\"text-editor.default\">\n\t\t\t\t<div class=\"elementor-widget-container\">\n\t\t\t\t\t\t\t\t\t<p>To suplement diety zbudowany w celu usprawnienia proces\u00f3w oczyszczania organizmu z niepo\u017cadanych element\u00f3w np. z\u0142og\u00f3w. Pomaga zachowa\u0107 odpowiedni poziom zdrowej mikroflory jelitowej, a tak\u017ce odgrywa znacz\u0105c\u0105 rol\u0119 w wyr\u00f3wnywaniu poziomu witamin i minera\u0142\u00f3w.<\/p>\t\t\t\t\t\t\t\t<\/div>\n\t\t\t\t<\/div>\n\t\t\t\t<\/div>\n\t\t\t\t<\/div>\n\t\t\t\t<div class=\"elementor-element elementor-element-a4f6217 elementor-icon-list--layout-traditional elementor-list-item-link-full_width elementor-widget elementor-widget-icon-list\" data-id=\"a4f6217\" data-element_type=\"widget\" data-widget_type=\"icon-list.default\">\n\t\t\t\t<div class=\"elementor-widget-container\">\n\t\t\t\t\t\t\t<ul class=\"elementor-icon-list-items\">\n\t\t\t\t\t\t\t<li class=\"elementor-icon-list-item\">\n\t\t\t\t\t\t\t\t\t\t\t<span class=\"elementor-icon-list-icon\">\n\t\t\t\t\t\t\t<svg aria-hidden=\"true\" class=\"e-font-icon-svg e-fas-long-arrow-alt-right\" viewBox=\"0 0 448 512\" xmlns=\"http:\/\/www.w3.org\/2000\/svg\"><path d=\"M313.941 216H12c-6.627 0-12 5.373-12 12v56c0 6.627 5.373 12 12 12h301.941v46.059c0 21.382 25.851 32.09 40.971 16.971l86.059-86.059c9.373-9.373 9.373-24.569 0-33.941l-86.059-86.059c-15.119-15.119-40.971-4.411-40.971 16.971V216z\"><\/path><\/svg>\t\t\t\t\t\t<\/span>\n\t\t\t\t\t\t\t\t\t\t<span class=\"elementor-icon-list-text\">Jak zam\u00f3wi\u0107 ze zni\u017ck\u0105?<\/span>\n\t\t\t\t\t\t\t\t\t<\/li>\n\t\t\t\t\t\t<\/ul>\n\t\t\t\t\t\t<\/div>\n\t\t\t\t<\/div>\n\t\t\t\t<div class=\"elementor-element elementor-element-e2b2fcb elementor-widget elementor-widget-text-editor\" data-id=\"e2b2fcb\" data-element_type=\"widget\" data-widget_type=\"text-editor.default\">\n\t\t\t\t<div class=\"elementor-widget-container\">\n\t\t\t\t\t\t\t\t\t<p><strong>UWAGA!\u00a0<\/strong><strong>Jeste\u015bmy oficjalnym dystrybutorem firmy CORAL CLUB, j<\/strong><strong>e\u015bli chcesz zakupi\u0107 produkt ze zni\u017ck\u0105,\u00a0<\/strong><strong>zadzwo\u0144 lub napisz: <a href=\"tel: +48532732688\">532 732 688<\/a>.<\/strong><\/p><p><strong>Produkt zamawiamy za pobraniem na wskazany przez Ciebie adres, w tym przypadku nale\u017cy doda\u0107 do podanej kwoty 18 z\u0142 za pobranie.<\/strong><\/p><p><strong>Je\u015bli chcesz zamawia\u0107 samodzielnie ze zni\u017ck\u0105, do\u0142\u0105cz do nas rejestruj\u0105c si\u0119 pod linkiem\u00a0<a href=\"https:\/\/coral.club\/4580021.html\" target=\"_blank\" rel=\"noopener\"> https:\/\/coral.club\/4580021.html<\/a> <\/strong><\/p><p><strong>Po do\u0142\u0105czeniu do naszej struktury, skontaktuj si\u0119 z nami pod wskazany wy\u017cej numer telefonu.<\/strong><\/p><div class=\"mdl-grid mdl-width-area detailText\"><div class=\"mdl-cell--12-col-desktop mdl-cell--8-col-tablet mdl-cell--4-col-phone mdl-cell--2-offset-large mdl-cell--8-col-large\"><p>14-dniowy program \u201ekrok po kroku\u201d, kt\u00f3ry pomo\u017ce Ci oczy\u015bci\u0107 organizm, usprawni\u0107 procesy metaboliczne i doda\u0107 sobie energii.<\/p><\/div><\/div><div class=\"mdl-grid mdl-width-area\"><div class=\"mdl-cell--12-col-desktop mdl-cell--8-col-tablet mdl-cell--4-col-phone mdl-cell--2-offset-large mdl-cell--8-col-large\"><p>Colo-Vada \u2014 to bestsellerowy oczyszczaj\u0105cy ca\u0142y organizm Program. Jest bardzo skuteczny i bezpieczny:\u00a0<\/p><ul class=\"cci-list\"><li>wsparcie pracy uk\u0142ad\u00f3w: pokarmowego, wydalniczego i limfatycznego,<\/li><li>podwy\u017cszenie og\u00f3lnego poziomu \u017cycia, polepszenie nastroju i zwi\u0119kszenie wydajno\u015bci,<\/li><li>poprawa stanu sk\u00f3ry,<\/li><li>w sk\u0142ad zestawu wchodz\u0105 fitonutrienty, witaminy, minera\u0142y, probiotyki, prebiotyki i enzymy,<\/li><li>1 saszetka = 1 dawka<\/li><\/ul><p>Program trwa 14 dni i jest podzielony na 3 etapy:<\/p><p><strong>Etap 1. PRZYGOTOWANIE (7 dni)<\/strong><\/p><p>Sk\u0142adniki aktywne produkt\u00f3w na etapie przygotowania pomagaj\u0105 ustabilizowa\u0107 prac\u0119 przewodu pokarmowego, usprawni\u0107 perystaltyk\u0119 jelit, uregulowa\u0107 gospodark\u0119 witaminowo-mineraln\u0105 i pobudzi\u0107 organizm do usuni\u0119cia toksyn.<\/p><p><strong>Etap 2. OCZYSZCZENIE (4 dni)<\/strong><\/p><p>G\u0142\u00f3wnym produktem tego etapu jest koktajl z proszku Colo-Vada Mix oraz Light Mix o wysokim st\u0119\u017ceniu b\u0142onnika. Pojedyncze cz\u0105stki przyczepiaj\u0105 si\u0119 do zb\u0119dnych produkt\u00f3w przemiany materii oraz zbieraj\u0105 toksyny, kt\u00f3re nast\u0119pnie wydalane s\u0105 z organizmu.<\/p><p><strong>Etap 3. REGENERACJA (3 dni)<\/strong><\/p><p>Probiotyczne kultury bakterii (bifido- i laktobakterie), prebiotyki i enzymy trawienne w ko\u0144cowym etapie programu pomagaj\u0105 odbudowa\u0107 mikroflor\u0119 jelitow\u0105 i poprawi\u0107 przyswajalno\u015b\u0107 sk\u0142adnik\u00f3w od\u017cywczych.<\/p><p>Produkty zawarte w zestawie:<\/p><p><strong>ULTIMATE<\/strong>\u00a0to zbalansowane \u017ar\u00f3d\u0142o witamin i minera\u0142\u00f3w. Pomaga uzupe\u0142ni\u0107 braki niezb\u0119dnych pierwiastk\u00f3w, pobudza przemian\u0119 materii.<\/p><p><strong>WITAMINA C<\/strong>\u00a0zawiera kwas askorbinowy, bioflawonoidy cytrusowe i ekstrakt z owoc\u00f3w dzikiej r\u00f3\u017cy. Witamina C to najwa\u017cniejszy antyoksydant, kt\u00f3ry aktywuje mechanizmy obronne organizmu.<\/p><p><strong>DIGESTABLE<\/strong>\u00a0uzupe\u0142nia niedob\u00f3r enzym\u00f3w trawiennych (amylaza, proteaza, lipaza, bromelaina i inne), poprawia rozk\u0142ad i przyswajalno\u015b\u0107 substancji od\u017cywczych, normalizuje prac\u0119 uk\u0142adu trawiennego.<\/p><p><strong>CASCARA SAGRADA<\/strong>\u00a0\u2013 \u015brodek o wspomagaj\u0105cy dzia\u0142anie przeczyszczaj\u0105ce, wyprowadzanie z\u0142og\u00f3w, wspieraj\u0105cy formowanie mi\u0119kkiego, nie wywo\u0142uj\u0105cego podra\u017cnie\u0144 ka\u0142u i zapewniaj\u0105cy regularne wypr\u00f3\u017cnianie.<\/p><p><strong>BLACK WALNUT LEAVES<\/strong>\u00a0wspomaga hamowanie proces\u00f3w fermentacyjnych i gnilnych w jelitach, dzia\u0142a lekko przeczyszczaj\u0105co.<\/p><p><strong>CORAL ALFALFA<\/strong>\u00a0to \u017ar\u00f3d\u0142o protein ro\u015blinnych, witamin i minera\u0142\u00f3w, fitoestrogen\u00f3w i innych bioaktywnych substancji. Wykazuje dzia\u0142anie og\u00f3lnie wzmacniaj\u0105ce, wi\u0105\u017c\u0105ce cholesterol.<\/p><p><strong>ZESTAW NR 2<\/strong><br \/>Po\u0142\u0105czenie korzenia \u0142opianu, imbiru, sza\u0142wi lekarskiej, czosnku, koniczyny \u0142\u0105kowej, imbiru, nasion ostropestu plamistego i li\u015bci malin. Pobudza perystaltyk\u0119 jelit, wspiera prac\u0119 ca\u0142ego uk\u0142adu pokarmowego, a w szczeg\u00f3lno\u015bci w\u0105troby.<\/p><p><strong>COLO-VADA MIX &amp; LIGHT MIX<\/strong>\u00a0to \u017ar\u00f3d\u0142o b\u0142onnika pokarmowego, oczyszczaj\u0105cego jelita. W sk\u0142ad produktu wchodzi babka jajowta, len, \u015bliwki suszone oraz inne warzywa i owoce. Pomagaj\u0105 one oczyszci\u0107 jelita i pozwalaj\u0105 rozmi\u0119kczonym przetrawionym masom pokarmowym \u0142atwo opu\u015bci\u0107 organizm.<\/p><p><strong>SUPER-FLORA<\/strong>\u00a0\u2013 wyj\u0105tkowo efektywny synbiotyk, b\u0119d\u0105cy zr\u00f3wnowa\u017conym po\u0142\u0105czeniem probiotyk\u00f3w oraz inuliny, kt\u00f3re skutecznie troszcz\u0105 si\u0119 o mikroflor\u0119 jelitow\u0105.<\/p><\/div><\/div>\t\t\t\t\t\t\t\t<\/div>\n\t\t\t\t<\/div>\n\t\t<div class=\"elementor-element elementor-element-06efc7b e-con-full e-flex e-con e-child\" data-id=\"06efc7b\" data-element_type=\"container\">\n\t\t\t\t<div class=\"elementor-element elementor-element-0a87b71 elementor-align-right elementor-widget elementor-widget-button\" data-id=\"0a87b71\" data-element_type=\"widget\" data-widget_type=\"button.default\">\n\t\t\t\t<div class=\"elementor-widget-container\">\n\t\t\t\t\t\t\t\t\t<div class=\"elementor-button-wrapper\">\n\t\t\t\t\t<a class=\"elementor-button elementor-button-link elementor-size-sm\" href=\"https:\/\/zdrowiejoga.pl\/index.php\/kontakt\/\" target=\"_blank\">\n\t\t\t\t\t\t<span class=\"elementor-button-content-wrapper\">\n\t\t\t\t\t\t\t\t\t<span class=\"elementor-button-text\">Zam\u00f3w<\/span>\n\t\t\t\t\t<\/span>\n\t\t\t\t\t<\/a>\n\t\t\t\t<\/div>\n\t\t\t\t\t\t\t\t<\/div>\n\t\t\t\t<\/div>\n\t\t\t\t<div class=\"elementor-element elementor-element-2af86e4 elementor-button-info elementor-align-right elementor-widget elementor-widget-button\" data-id=\"2af86e4\" data-element_type=\"widget\" data-widget_type=\"button.default\">\n\t\t\t\t<div class=\"elementor-widget-container\">\n\t\t\t\t\t\t\t\t\t<div class=\"elementor-button-wrapper\">\n\t\t\t\t\t<a class=\"elementor-button elementor-button-link elementor-size-sm\" href=\"https:\/\/zdrowiejoga.pl\/index.php\/produkty\/\">\n\t\t\t\t\t\t<span class=\"elementor-button-content-wrapper\">\n\t\t\t\t\t\t\t\t\t<span class=\"elementor-button-text\">Wszystkie produkty<\/span>\n\t\t\t\t\t<\/span>\n\t\t\t\t\t<\/a>\n\t\t\t\t<\/div>\n\t\t\t\t\t\t\t\t<\/div>\n\t\t\t\t<\/div>\n\t\t\t\t<\/div>\n\t\t\t\t<\/div>\n\t\t\t\t\t<\/div>\n\t\t\t\t<\/div>\n\t\t\t\t<\/div>\n\t\t","protected":false},"excerpt":{"rendered":"<p>Najlepszy program oczyszczaj\u0105cy ca\u0142y ogranizm Program Cola-Vada 487.00 z\u0142 387.00 z\u0142 To suplement diety zbudowany w celu usprawnienia proces\u00f3w oczyszczania organizmu z niepo\u017cadanych element\u00f3w np. z\u0142og\u00f3w. Pomaga zachowa\u0107 odpowiedni poziom zdrowej mikroflory jelitowej, a tak\u017ce odgrywa znacz\u0105c\u0105 rol\u0119 w wyr\u00f3wnywaniu poziomu witamin i minera\u0142\u00f3w. Jak zam\u00f3wi\u0107 ze zni\u017ck\u0105? UWAGA!\u00a0Jeste\u015bmy oficjalnym dystrybutorem firmy CORAL CLUB, je\u015bli [&hellip;]<\/p>\n","protected":false},"author":1,"featured_media":0,"parent":0,"menu_order":0,"comment_status":"closed","ping_status":"closed","template":"elementor_header_footer","meta":{"ocean_post_layout":"","ocean_both_sidebars_style":"","ocean_both_sidebars_content_width":0,"ocean_both_sidebars_sidebars_width":0,"ocean_sidebar":"","ocean_second_sidebar":"","ocean_disable_margins":"enable","ocean_add_body_class":"","ocean_shortcode_before_top_bar":"","ocean_shortcode_after_top_bar":"","ocean_shortcode_before_header":"","ocean_shortcode_after_header":"","ocean_has_shortcode":"","ocean_shortcode_after_title":"","ocean_shortcode_before_footer_widgets":"","ocean_shortcode_after_footer_widgets":"","ocean_shortcode_before_footer_bottom":"","ocean_shortcode_after_footer_bottom":"","ocean_display_top_bar":"default","ocean_display_header":"default","ocean_header_style":"","ocean_center_header_left_menu":"","ocean_custom_header_template":"","ocean_custom_logo":0,"ocean_custom_retina_logo":0,"ocean_custom_logo_max_width":0,"ocean_custom_logo_tablet_max_width":0,"ocean_custom_logo_mobile_max_width":0,"ocean_custom_logo_max_height":0,"ocean_custom_logo_tablet_max_height":0,"ocean_custom_logo_mobile_max_height":0,"ocean_header_custom_menu":"","ocean_menu_typo_font_family":"","ocean_menu_typo_font_subset":"","ocean_menu_typo_font_size":0,"ocean_menu_typo_font_size_tablet":0,"ocean_menu_typo_font_size_mobile":0,"ocean_menu_typo_font_size_unit":"px","ocean_menu_typo_font_weight":"","ocean_menu_typo_font_weight_tablet":"","ocean_menu_typo_font_weight_mobile":"","ocean_menu_typo_transform":"","ocean_menu_typo_transform_tablet":"","ocean_menu_typo_transform_mobile":"","ocean_menu_typo_line_height":0,"ocean_menu_typo_line_height_tablet":0,"ocean_menu_typo_line_height_mobile":0,"ocean_menu_typo_line_height_unit":"","ocean_menu_typo_spacing":0,"ocean_menu_typo_spacing_tablet":0,"ocean_menu_typo_spacing_mobile":0,"ocean_menu_typo_spacing_unit":"","ocean_menu_link_color":"","ocean_menu_link_color_hover":"","ocean_menu_link_color_active":"","ocean_menu_link_background":"","ocean_menu_link_hover_background":"","ocean_menu_link_active_background":"","ocean_menu_social_links_bg":"","ocean_menu_social_hover_links_bg":"","ocean_menu_social_links_color":"","ocean_menu_social_hover_links_color":"","ocean_disable_title":"default","ocean_disable_heading":"default","ocean_post_title":"","ocean_post_subheading":"","ocean_post_title_style":"","ocean_post_title_background_color":"","ocean_post_title_background":0,"ocean_post_title_bg_image_position":"","ocean_post_title_bg_image_attachment":"","ocean_post_title_bg_image_repeat":"","ocean_post_title_bg_image_size":"","ocean_post_title_height":0,"ocean_post_title_bg_overlay":0.5,"ocean_post_title_bg_overlay_color":"","ocean_disable_breadcrumbs":"default","ocean_breadcrumbs_color":"","ocean_breadcrumbs_separator_color":"","ocean_breadcrumbs_links_color":"","ocean_breadcrumbs_links_hover_color":"","ocean_display_footer_widgets":"default","ocean_display_footer_bottom":"default","ocean_custom_footer_template":"","footnotes":""},"class_list":["post-801","page","type-page","status-publish","hentry","entry"],"_links":{"self":[{"href":"https:\/\/zdrowiejoga.pl\/index.php\/wp-json\/wp\/v2\/pages\/801","targetHints":{"allow":["GET"]}}],"collection":[{"href":"https:\/\/zdrowiejoga.pl\/index.php\/wp-json\/wp\/v2\/pages"}],"about":[{"href":"https:\/\/zdrowiejoga.pl\/index.php\/wp-json\/wp\/v2\/types\/page"}],"author":[{"embeddable":true,"href":"https:\/\/zdrowiejoga.pl\/index.php\/wp-json\/wp\/v2\/users\/1"}],"replies":[{"embeddable":true,"href":"https:\/\/zdrowiejoga.pl\/index.php\/wp-json\/wp\/v2\/comments?post=801"}],"version-history":[{"count":34,"href":"https:\/\/zdrowiejoga.pl\/index.php\/wp-json\/wp\/v2\/pages\/801\/revisions"}],"predecessor-version":[{"id":3189,"href":"https:\/\/zdrowiejoga.pl\/index.php\/wp-json\/wp\/v2\/pages\/801\/revisions\/3189"}],"wp:attachment":[{"href":"https:\/\/zdrowiejoga.pl\/index.php\/wp-json\/wp\/v2\/media?parent=801"}],"curies":[{"name":"wp","href":"https:\/\/api.w.org\/{rel}","templated":true}]}}