{"id":745,"date":"2025-06-12T20:19:33","date_gmt":"2025-06-12T20:19:33","guid":{"rendered":"http:\/\/zdrowiejoga.pl\/?page_id=745"},"modified":"2025-07-13T19:34:39","modified_gmt":"2025-07-13T19:34:39","slug":"hydramax-totalne-nawodnienie","status":"publish","type":"page","link":"https:\/\/zdrowiejoga.pl\/index.php\/hydramax-totalne-nawodnienie\/","title":{"rendered":"Produkty &#8211; Hydramax"},"content":{"rendered":"\t\t<div data-elementor-type=\"wp-page\" data-elementor-id=\"745\" class=\"elementor elementor-745\">\n\t\t\t\t<div class=\"elementor-element elementor-element-41f6370 e-flex e-con-boxed e-con e-parent\" data-id=\"41f6370\" data-element_type=\"container\">\n\t\t\t\t\t<div class=\"e-con-inner\">\n\t\t<div class=\"elementor-element elementor-element-2d94355 e-con-full e-flex e-con e-child\" data-id=\"2d94355\" data-element_type=\"container\" data-settings=\"{&quot;background_background&quot;:&quot;classic&quot;}\">\n\t\t<div class=\"elementor-element elementor-element-a9500d6 e-con-full e-flex e-con e-child\" data-id=\"a9500d6\" data-element_type=\"container\">\n\t\t<div class=\"elementor-element elementor-element-9f781bf e-con-full e-flex e-con e-child\" data-id=\"9f781bf\" data-element_type=\"container\">\n\t\t\t\t<div class=\"elementor-element elementor-element-aa15106 elementor-widget__width-initial zoooom elementor-widget elementor-widget-image\" data-id=\"aa15106\" data-element_type=\"widget\" data-widget_type=\"image.default\">\n\t\t\t\t<div class=\"elementor-widget-container\">\n\t\t\t\t\t\t\t\t\t\t\t\t\t\t\t<img fetchpriority=\"high\" decoding=\"async\" width=\"918\" height=\"604\" src=\"https:\/\/zdrowiejoga.pl\/wp-content\/uploads\/2025\/06\/hydramax.png\" class=\"attachment-large size-large wp-image-747\" alt=\"\" srcset=\"https:\/\/zdrowiejoga.pl\/wp-content\/uploads\/2025\/06\/hydramax.png 918w, https:\/\/zdrowiejoga.pl\/wp-content\/uploads\/2025\/06\/hydramax-300x197.png 300w, https:\/\/zdrowiejoga.pl\/wp-content\/uploads\/2025\/06\/hydramax-768x505.png 768w\" sizes=\"(max-width: 918px) 100vw, 918px\" \/>\t\t\t\t\t\t\t\t\t\t\t\t\t\t\t<\/div>\n\t\t\t\t<\/div>\n\t\t\t\t<div class=\"elementor-element elementor-element-e8cbc62 elementor-absolute elementor-widget elementor-widget-image\" data-id=\"e8cbc62\" data-element_type=\"widget\" data-settings=\"{&quot;_position&quot;:&quot;absolute&quot;}\" data-widget_type=\"image.default\">\n\t\t\t\t<div class=\"elementor-widget-container\">\n\t\t\t\t\t\t\t\t\t\t\t\t\t\t\t<img decoding=\"async\" src=\"https:\/\/zdrowiejoga.pl\/wp-content\/uploads\/elementor\/thumbs\/Group-4-\u043a\u043e\u043f\u0456\u044f-r77ra4q79hq6me7zbvxneicfoez73sx523ovevc94s.png\" title=\"Group 4 \u043a\u043e\u043f\u0456\u044f\" alt=\"Group 4 \u043a\u043e\u043f\u0456\u044f\" loading=\"lazy\" \/>\t\t\t\t\t\t\t\t\t\t\t\t\t\t\t<\/div>\n\t\t\t\t<\/div>\n\t\t\t\t<\/div>\n\t\t<div class=\"elementor-element elementor-element-8ef3ca2 e-con-full e-flex e-con e-child\" data-id=\"8ef3ca2\" data-element_type=\"container\">\n\t\t\t\t<div class=\"elementor-element elementor-element-a838af1 elementor-widget elementor-widget-heading\" data-id=\"a838af1\" data-element_type=\"widget\" data-widget_type=\"heading.default\">\n\t\t\t\t<div class=\"elementor-widget-container\">\n\t\t\t\t\t<h2 class=\"elementor-heading-title elementor-size-default\">Hydramax \u2013 totalne nawodnienie<\/h2>\t\t\t\t<\/div>\n\t\t\t\t<\/div>\n\t\t<div class=\"elementor-element elementor-element-d141764 e-con-full e-flex e-con e-child\" data-id=\"d141764\" data-element_type=\"container\">\n\t\t\t\t<div class=\"elementor-element elementor-element-2caf5dd elementor-widget__width-auto elementor-widget elementor-widget-heading\" data-id=\"2caf5dd\" data-element_type=\"widget\" data-widget_type=\"heading.default\">\n\t\t\t\t<div class=\"elementor-widget-container\">\n\t\t\t\t\t<h2 class=\"elementor-heading-title elementor-size-default\">440.75 z\u0142<\/h2>\t\t\t\t<\/div>\n\t\t\t\t<\/div>\n\t\t\t\t<div class=\"elementor-element elementor-element-9c389ec elementor-widget elementor-widget-heading\" data-id=\"9c389ec\" data-element_type=\"widget\" data-widget_type=\"heading.default\">\n\t\t\t\t<div class=\"elementor-widget-container\">\n\t\t\t\t\t<h2 class=\"elementor-heading-title elementor-size-default\">352.60 z\u0142<\/h2>\t\t\t\t<\/div>\n\t\t\t\t<\/div>\n\t\t\t\t<\/div>\n\t\t\t\t<div class=\"elementor-element elementor-element-0710ccc elementor-widget elementor-widget-text-editor\" data-id=\"0710ccc\" data-element_type=\"widget\" data-widget_type=\"text-editor.default\">\n\t\t\t\t<div class=\"elementor-widget-container\">\n\t\t\t\t\t\t\t\t\t<p>Hydramax to jest MUSTHAVE w \u017cyciu codziennym, tak naprawd\u0119 90% zdrowia zale\u017cy od jego prawid\u0142owego nawodnienia, zaczynaj\u0105c od przep\u0142ywu energii i dotlenienia, a ko\u0144cz\u0105c na redukcji kom\u00f3rek nowotworowych.\u00a0<\/p>\t\t\t\t\t\t\t\t<\/div>\n\t\t\t\t<\/div>\n\t\t\t\t<\/div>\n\t\t\t\t<\/div>\n\t\t\t\t<div class=\"elementor-element elementor-element-122a2aa elementor-icon-list--layout-traditional elementor-list-item-link-full_width elementor-widget elementor-widget-icon-list\" data-id=\"122a2aa\" data-element_type=\"widget\" data-widget_type=\"icon-list.default\">\n\t\t\t\t<div class=\"elementor-widget-container\">\n\t\t\t\t\t\t\t<ul class=\"elementor-icon-list-items\">\n\t\t\t\t\t\t\t<li class=\"elementor-icon-list-item\">\n\t\t\t\t\t\t\t\t\t\t\t<span class=\"elementor-icon-list-icon\">\n\t\t\t\t\t\t\t<svg aria-hidden=\"true\" class=\"e-font-icon-svg e-fas-long-arrow-alt-right\" viewBox=\"0 0 448 512\" xmlns=\"http:\/\/www.w3.org\/2000\/svg\"><path d=\"M313.941 216H12c-6.627 0-12 5.373-12 12v56c0 6.627 5.373 12 12 12h301.941v46.059c0 21.382 25.851 32.09 40.971 16.971l86.059-86.059c9.373-9.373 9.373-24.569 0-33.941l-86.059-86.059c-15.119-15.119-40.971-4.411-40.971 16.971V216z\"><\/path><\/svg>\t\t\t\t\t\t<\/span>\n\t\t\t\t\t\t\t\t\t\t<span class=\"elementor-icon-list-text\">Jak zam\u00f3wi\u0107 ze zni\u017ck\u0105?<\/span>\n\t\t\t\t\t\t\t\t\t<\/li>\n\t\t\t\t\t\t<\/ul>\n\t\t\t\t\t\t<\/div>\n\t\t\t\t<\/div>\n\t\t\t\t<div class=\"elementor-element elementor-element-2b72d73 elementor-widget elementor-widget-text-editor\" data-id=\"2b72d73\" data-element_type=\"widget\" data-widget_type=\"text-editor.default\">\n\t\t\t\t<div class=\"elementor-widget-container\">\n\t\t\t\t\t\t\t\t\t<p><strong>UWAGA!\u00a0<\/strong><strong>Jeste\u015bmy oficjalnym dystrybutorem firmy CORAL CLUB, j<\/strong><strong>e\u015bli chcesz zakupi\u0107 produkt ze zni\u017ck\u0105,\u00a0<\/strong><strong>zadzwo\u0144 lub napisz: <a href=\"tel: +48532732688\">532 732 688<\/a>.<\/strong><\/p><p><strong>Produkt zamawiamy za pobraniem na wskazany przez Ciebie adres, w tym przypadku nale\u017cy doda\u0107 do podanej kwoty 18 z\u0142 za pobranie.<\/strong><\/p><p><strong>Je\u015bli chcesz zamawia\u0107 samodzielnie ze zni\u017ck\u0105, do\u0142\u0105cz do nas rejestruj\u0105c si\u0119 pod linkiem\u00a0<a href=\"https:\/\/coral.club\/4580021.html\" target=\"_blank\" rel=\"noopener\"> https:\/\/coral.club\/4580021.html<\/a> <\/strong><\/p><p><strong>Po do\u0142\u0105czeniu do naszej struktury, skontaktuj si\u0119 z nami pod wskazany wy\u017cej numer telefonu.<\/strong><\/p><p>Wszystkie nasze zestawy, to zestawy PREMIUM, najwy\u017cszej jako\u015bci!<\/p><p>Hydramax to jest MUSTHAVE w \u017cyciu codziennym, tak naprawd\u0119 90% zdrowia zale\u017cy od jego prawid\u0142owego nawodnienia, zaczynaj\u0105c od przep\u0142ywu energii i dotlenienia, a ko\u0144cz\u0105c na redukcji kom\u00f3rek nowotworowych.<\/p><p>Woda ma ogromny wp\u0142yw na Twoje cia\u0142o! W 60-70% sk\u0142adasz si\u0119 z w\u0142a\u015bnie z niej, dlatego zagwarantuj swojemu organizmowi wod\u0119 najlepszej jako\u015bci. Pomo\u017ce Ci w tym jedyny w swoim rodzaju zestaw HydraMax. Zrealizuj sw\u00f3j pierwszy krok Koncepcji zdrowia \u2013 NAWODNIENIE! Poczuj si\u0142\u0119 prawdziwego nawodnienia!<\/p>\t\t\t\t\t\t\t\t<\/div>\n\t\t\t\t<\/div>\n\t\t\t\t<div class=\"elementor-element elementor-element-d929a91 elementor-widget elementor-widget-heading\" data-id=\"d929a91\" data-element_type=\"widget\" data-widget_type=\"heading.default\">\n\t\t\t\t<div class=\"elementor-widget-container\">\n\t\t\t\t\t<h2 class=\"elementor-heading-title elementor-size-default\"><a href=\"https:\/\/pl.coral.club\/shop\/coral-mine.html?offer=2221\" target=\"_blank\" rel=\"noopener\">Coral - Mine<\/a><\/h2>\t\t\t\t<\/div>\n\t\t\t\t<\/div>\n\t\t\t\t<div class=\"elementor-element elementor-element-8652065 elementor-widget elementor-widget-text-editor\" data-id=\"8652065\" data-element_type=\"widget\" data-widget_type=\"text-editor.default\">\n\t\t\t\t<div class=\"elementor-widget-container\">\n\t\t\t\t\t\t\t\t\t<p>Coral-Mine\u00ae to produkt naturalny, wyprodukowany w Japonii ze skamieliny g\u0142\u0119binowych koralowc\u00f3w Scleractina \u017cyj\u0105cych w Morzu Japo\u0144skim w pobli\u017cu wysp Okinawa i Tokunoshima. Proszek ze skamieliny koralowca zawiera wap\u0144 oraz magnez. Produkt przeznaczony do wzbogacania wody pitnej w wap\u0144 oraz magnez. Wap\u0144 i magnez przyczyniaj\u0105 si\u0119 do utrzymania zdrowych ko\u015bci i z\u0119b\u00f3w oraz do prawid\u0142owej pracy mi\u0119\u015bni. Wap\u0144 wspiera prawid\u0142owe dzia\u0142anie enzym\u00f3w trawiennych oraz prawid\u0142owe krzepni\u0119cie krwi. Magnez przyczynia si\u0119 zmniejszenia poczucia zm\u0119czenia i znu\u017cenia, bierze udzia\u0142 w prawid\u0142owym funkcjonowaniu uk\u0142adu nerwowego. Magnez wspiera r\u00f3wnie\u017c prawid\u0142owe funkcje psychologiczne, takie jak koncentracja uwagi, zapami\u0119tywanie i proces uczenia si\u0119.<\/p>\t\t\t\t\t\t\t\t<\/div>\n\t\t\t\t<\/div>\n\t\t\t\t<div class=\"elementor-element elementor-element-c50e619 elementor-widget elementor-widget-heading\" data-id=\"c50e619\" data-element_type=\"widget\" data-widget_type=\"heading.default\">\n\t\t\t\t<div class=\"elementor-widget-container\">\n\t\t\t\t\t<h2 class=\"elementor-heading-title elementor-size-default\"><a href=\"https:\/\/pl.coral.club\/shop\/coral-mine.html?offer=2221https:\/\/pl.coral.club\/shop\/h-500.html?offer=91800\" target=\"_blank\" rel=\"noopener\">H-500 <\/a><\/h2>\t\t\t\t<\/div>\n\t\t\t\t<\/div>\n\t\t\t\t<div class=\"elementor-element elementor-element-af0fb20 elementor-widget elementor-widget-text-editor\" data-id=\"af0fb20\" data-element_type=\"widget\" data-widget_type=\"text-editor.default\">\n\t\t\t\t<div class=\"elementor-widget-container\">\n\t\t\t\t\t\t\t\t\t<p>Silny antyoksydant. Najlepsze po\u0142\u0105czenie energetycznych sk\u0142adnik\u00f3w, takich jak: cytrynian magnezu, cytrynian potasu, askorbinian potasu, boran sodu, dwutlenek krzemu. H-500 to \u017ar\u00f3d\u0142o witalno\u015bci, wytrzyma\u0142o\u015bci i regeneracji, wydolno\u015bci fizycznej i umys\u0142owej.\u00a0<\/p>\t\t\t\t\t\t\t\t<\/div>\n\t\t\t\t<\/div>\n\t\t\t\t<div class=\"elementor-element elementor-element-d0f1c1c elementor-widget elementor-widget-heading\" data-id=\"d0f1c1c\" data-element_type=\"widget\" data-widget_type=\"heading.default\">\n\t\t\t\t<div class=\"elementor-widget-container\">\n\t\t\t\t\t<h2 class=\"elementor-heading-title elementor-size-default\"><a href=\"https:\/\/pl.coral.club\/shop\/pentokan-k.html\" target=\"_blank\" rel=\"noopener\">PENTOKAN K+<\/a><\/h2>\t\t\t\t<\/div>\n\t\t\t\t<\/div>\n\t\t\t\t<div class=\"elementor-element elementor-element-90eb8b2 elementor-widget elementor-widget-text-editor\" data-id=\"90eb8b2\" data-element_type=\"widget\" data-widget_type=\"text-editor.default\">\n\t\t\t\t<div class=\"elementor-widget-container\">\n\t\t\t\t\t\t\t\t\t<p>Harmonijne po\u0142\u0105czenie potasu, witaminy C i rybozy \u2013 trzech sk\u0142adnik\u00f3w niezb\u0119dnych do zachowania skutecznej wymiany energii.<\/p>\t\t\t\t\t\t\t\t<\/div>\n\t\t\t\t<\/div>\n\t\t\t\t<div class=\"elementor-element elementor-element-992f10a elementor-icon-list--layout-traditional elementor-list-item-link-full_width elementor-widget elementor-widget-icon-list\" data-id=\"992f10a\" data-element_type=\"widget\" data-widget_type=\"icon-list.default\">\n\t\t\t\t<div class=\"elementor-widget-container\">\n\t\t\t\t\t\t\t<ul class=\"elementor-icon-list-items\">\n\t\t\t\t\t\t\t<li class=\"elementor-icon-list-item\">\n\t\t\t\t\t\t\t\t\t\t\t<span class=\"elementor-icon-list-icon\">\n\t\t\t\t\t\t\t<svg aria-hidden=\"true\" class=\"e-font-icon-svg e-fas-long-arrow-alt-right\" viewBox=\"0 0 448 512\" xmlns=\"http:\/\/www.w3.org\/2000\/svg\"><path d=\"M313.941 216H12c-6.627 0-12 5.373-12 12v56c0 6.627 5.373 12 12 12h301.941v46.059c0 21.382 25.851 32.09 40.971 16.971l86.059-86.059c9.373-9.373 9.373-24.569 0-33.941l-86.059-86.059c-15.119-15.119-40.971-4.411-40.971 16.971V216z\"><\/path><\/svg>\t\t\t\t\t\t<\/span>\n\t\t\t\t\t\t\t\t\t\t<span class=\"elementor-icon-list-text\">Spos\u00f3b u\u017cycia<\/span>\n\t\t\t\t\t\t\t\t\t<\/li>\n\t\t\t\t\t\t<\/ul>\n\t\t\t\t\t\t<\/div>\n\t\t\t\t<\/div>\n\t\t\t\t<div class=\"elementor-element elementor-element-40849b6 elementor-widget elementor-widget-text-editor\" data-id=\"40849b6\" data-element_type=\"widget\" data-widget_type=\"text-editor.default\">\n\t\t\t\t<div class=\"elementor-widget-container\">\n\t\t\t\t\t\t\t\t\t<p>Przed rozpocz\u0119ciem kuracji nale\u017cy zapozna\u0107 si\u0119 z instrukcj\u0105 stosowania, kt\u00f3ra zosta\u0142a do\u0142\u0105czona do zestawu.<\/p><p>Program trwa 30 dni.<\/p>\t\t\t\t\t\t\t\t<\/div>\n\t\t\t\t<\/div>\n\t\t\t\t<div class=\"elementor-element elementor-element-bbcbfb5 elementor-icon-list--layout-traditional elementor-list-item-link-full_width elementor-widget elementor-widget-icon-list\" data-id=\"bbcbfb5\" data-element_type=\"widget\" data-widget_type=\"icon-list.default\">\n\t\t\t\t<div class=\"elementor-widget-container\">\n\t\t\t\t\t\t\t<ul class=\"elementor-icon-list-items\">\n\t\t\t\t\t\t\t<li class=\"elementor-icon-list-item\">\n\t\t\t\t\t\t\t\t\t\t\t<span class=\"elementor-icon-list-icon\">\n\t\t\t\t\t\t\t<svg aria-hidden=\"true\" class=\"e-font-icon-svg e-fas-long-arrow-alt-right\" viewBox=\"0 0 448 512\" xmlns=\"http:\/\/www.w3.org\/2000\/svg\"><path d=\"M313.941 216H12c-6.627 0-12 5.373-12 12v56c0 6.627 5.373 12 12 12h301.941v46.059c0 21.382 25.851 32.09 40.971 16.971l86.059-86.059c9.373-9.373 9.373-24.569 0-33.941l-86.059-86.059c-15.119-15.119-40.971-4.411-40.971 16.971V216z\"><\/path><\/svg>\t\t\t\t\t\t<\/span>\n\t\t\t\t\t\t\t\t\t\t<span class=\"elementor-icon-list-text\">Przeciwwskazanie<\/span>\n\t\t\t\t\t\t\t\t\t<\/li>\n\t\t\t\t\t\t<\/ul>\n\t\t\t\t\t\t<\/div>\n\t\t\t\t<\/div>\n\t\t\t\t<div class=\"elementor-element elementor-element-f927e5d elementor-widget elementor-widget-text-editor\" data-id=\"f927e5d\" data-element_type=\"widget\" data-widget_type=\"text-editor.default\">\n\t\t\t\t<div class=\"elementor-widget-container\">\n\t\t\t\t\t\t\t\t\t<p>Indywidualna nietolerancja sk\u0142adnik\u00f3w.<\/p>\t\t\t\t\t\t\t\t<\/div>\n\t\t\t\t<\/div>\n\t\t\t\t<div class=\"elementor-element elementor-element-52f21ac elementor-icon-list--layout-traditional elementor-list-item-link-full_width elementor-widget elementor-widget-icon-list\" data-id=\"52f21ac\" data-element_type=\"widget\" data-widget_type=\"icon-list.default\">\n\t\t\t\t<div class=\"elementor-widget-container\">\n\t\t\t\t\t\t\t<ul class=\"elementor-icon-list-items\">\n\t\t\t\t\t\t\t<li class=\"elementor-icon-list-item\">\n\t\t\t\t\t\t\t\t\t\t\t<span class=\"elementor-icon-list-icon\">\n\t\t\t\t\t\t\t<svg aria-hidden=\"true\" class=\"e-font-icon-svg e-fas-long-arrow-alt-right\" viewBox=\"0 0 448 512\" xmlns=\"http:\/\/www.w3.org\/2000\/svg\"><path d=\"M313.941 216H12c-6.627 0-12 5.373-12 12v56c0 6.627 5.373 12 12 12h301.941v46.059c0 21.382 25.851 32.09 40.971 16.971l86.059-86.059c9.373-9.373 9.373-24.569 0-33.941l-86.059-86.059c-15.119-15.119-40.971-4.411-40.971 16.971V216z\"><\/path><\/svg>\t\t\t\t\t\t<\/span>\n\t\t\t\t\t\t\t\t\t\t<span class=\"elementor-icon-list-text\">Kraj pochodzenia<\/span>\n\t\t\t\t\t\t\t\t\t<\/li>\n\t\t\t\t\t\t<\/ul>\n\t\t\t\t\t\t<\/div>\n\t\t\t\t<\/div>\n\t\t\t\t<div class=\"elementor-element elementor-element-e1a1da8 elementor-widget elementor-widget-text-editor\" data-id=\"e1a1da8\" data-element_type=\"widget\" data-widget_type=\"text-editor.default\">\n\t\t\t\t<div class=\"elementor-widget-container\">\n\t\t\t\t\t\t\t\t\t<p>Niemcy, USA, Japonia<\/p>\t\t\t\t\t\t\t\t<\/div>\n\t\t\t\t<\/div>\n\t\t<div class=\"elementor-element elementor-element-75c2b9d e-con-full e-flex e-con e-child\" data-id=\"75c2b9d\" data-element_type=\"container\">\n\t\t\t\t<div class=\"elementor-element elementor-element-4a200c5 elementor-align-right elementor-widget elementor-widget-button\" data-id=\"4a200c5\" data-element_type=\"widget\" data-widget_type=\"button.default\">\n\t\t\t\t<div class=\"elementor-widget-container\">\n\t\t\t\t\t\t\t\t\t<div class=\"elementor-button-wrapper\">\n\t\t\t\t\t<a class=\"elementor-button elementor-button-link elementor-size-sm\" href=\"https:\/\/zdrowiejoga.pl\/index.php\/kontakt\/\" target=\"_blank\">\n\t\t\t\t\t\t<span class=\"elementor-button-content-wrapper\">\n\t\t\t\t\t\t\t\t\t<span class=\"elementor-button-text\">Zam\u00f3w<\/span>\n\t\t\t\t\t<\/span>\n\t\t\t\t\t<\/a>\n\t\t\t\t<\/div>\n\t\t\t\t\t\t\t\t<\/div>\n\t\t\t\t<\/div>\n\t\t\t\t<div class=\"elementor-element elementor-element-785a7e8 elementor-button-info elementor-align-right elementor-widget elementor-widget-button\" data-id=\"785a7e8\" data-element_type=\"widget\" data-widget_type=\"button.default\">\n\t\t\t\t<div class=\"elementor-widget-container\">\n\t\t\t\t\t\t\t\t\t<div class=\"elementor-button-wrapper\">\n\t\t\t\t\t<a class=\"elementor-button elementor-button-link elementor-size-sm\" href=\"https:\/\/zdrowiejoga.pl\/index.php\/produkty\/\">\n\t\t\t\t\t\t<span class=\"elementor-button-content-wrapper\">\n\t\t\t\t\t\t\t\t\t<span class=\"elementor-button-text\">Wszystkie produkty<\/span>\n\t\t\t\t\t<\/span>\n\t\t\t\t\t<\/a>\n\t\t\t\t<\/div>\n\t\t\t\t\t\t\t\t<\/div>\n\t\t\t\t<\/div>\n\t\t\t\t<\/div>\n\t\t\t\t<\/div>\n\t\t\t\t\t<\/div>\n\t\t\t\t<\/div>\n\t\t\t\t<\/div>\n\t\t","protected":false},"excerpt":{"rendered":"<p>Hydramax \u2013 totalne nawodnienie 440.75 z\u0142 352.60 z\u0142 Hydramax to jest MUSTHAVE w \u017cyciu codziennym, tak naprawd\u0119 90% zdrowia zale\u017cy od jego prawid\u0142owego nawodnienia, zaczynaj\u0105c od przep\u0142ywu energii i dotlenienia, a ko\u0144cz\u0105c na redukcji kom\u00f3rek nowotworowych.\u00a0 Jak zam\u00f3wi\u0107 ze zni\u017ck\u0105? UWAGA!\u00a0Jeste\u015bmy oficjalnym dystrybutorem firmy CORAL CLUB, je\u015bli chcesz zakupi\u0107 produkt ze zni\u017ck\u0105,\u00a0zadzwo\u0144 lub napisz: 532 [&hellip;]<\/p>\n","protected":false},"author":1,"featured_media":0,"parent":0,"menu_order":0,"comment_status":"closed","ping_status":"closed","template":"elementor_header_footer","meta":{"ocean_post_layout":"","ocean_both_sidebars_style":"","ocean_both_sidebars_content_width":0,"ocean_both_sidebars_sidebars_width":0,"ocean_sidebar":"","ocean_second_sidebar":"","ocean_disable_margins":"enable","ocean_add_body_class":"","ocean_shortcode_before_top_bar":"","ocean_shortcode_after_top_bar":"","ocean_shortcode_before_header":"","ocean_shortcode_after_header":"","ocean_has_shortcode":"","ocean_shortcode_after_title":"","ocean_shortcode_before_footer_widgets":"","ocean_shortcode_after_footer_widgets":"","ocean_shortcode_before_footer_bottom":"","ocean_shortcode_after_footer_bottom":"","ocean_display_top_bar":"default","ocean_display_header":"default","ocean_header_style":"","ocean_center_header_left_menu":"","ocean_custom_header_template":"","ocean_custom_logo":0,"ocean_custom_retina_logo":0,"ocean_custom_logo_max_width":0,"ocean_custom_logo_tablet_max_width":0,"ocean_custom_logo_mobile_max_width":0,"ocean_custom_logo_max_height":0,"ocean_custom_logo_tablet_max_height":0,"ocean_custom_logo_mobile_max_height":0,"ocean_header_custom_menu":"","ocean_menu_typo_font_family":"","ocean_menu_typo_font_subset":"","ocean_menu_typo_font_size":0,"ocean_menu_typo_font_size_tablet":0,"ocean_menu_typo_font_size_mobile":0,"ocean_menu_typo_font_size_unit":"px","ocean_menu_typo_font_weight":"","ocean_menu_typo_font_weight_tablet":"","ocean_menu_typo_font_weight_mobile":"","ocean_menu_typo_transform":"","ocean_menu_typo_transform_tablet":"","ocean_menu_typo_transform_mobile":"","ocean_menu_typo_line_height":0,"ocean_menu_typo_line_height_tablet":0,"ocean_menu_typo_line_height_mobile":0,"ocean_menu_typo_line_height_unit":"","ocean_menu_typo_spacing":0,"ocean_menu_typo_spacing_tablet":0,"ocean_menu_typo_spacing_mobile":0,"ocean_menu_typo_spacing_unit":"","ocean_menu_link_color":"","ocean_menu_link_color_hover":"","ocean_menu_link_color_active":"","ocean_menu_link_background":"","ocean_menu_link_hover_background":"","ocean_menu_link_active_background":"","ocean_menu_social_links_bg":"","ocean_menu_social_hover_links_bg":"","ocean_menu_social_links_color":"","ocean_menu_social_hover_links_color":"","ocean_disable_title":"default","ocean_disable_heading":"default","ocean_post_title":"","ocean_post_subheading":"","ocean_post_title_style":"","ocean_post_title_background_color":"","ocean_post_title_background":0,"ocean_post_title_bg_image_position":"","ocean_post_title_bg_image_attachment":"","ocean_post_title_bg_image_repeat":"","ocean_post_title_bg_image_size":"","ocean_post_title_height":0,"ocean_post_title_bg_overlay":0.5,"ocean_post_title_bg_overlay_color":"","ocean_disable_breadcrumbs":"default","ocean_breadcrumbs_color":"","ocean_breadcrumbs_separator_color":"","ocean_breadcrumbs_links_color":"","ocean_breadcrumbs_links_hover_color":"","ocean_display_footer_widgets":"default","ocean_display_footer_bottom":"default","ocean_custom_footer_template":"","footnotes":""},"class_list":["post-745","page","type-page","status-publish","hentry","entry"],"_links":{"self":[{"href":"https:\/\/zdrowiejoga.pl\/index.php\/wp-json\/wp\/v2\/pages\/745","targetHints":{"allow":["GET"]}}],"collection":[{"href":"https:\/\/zdrowiejoga.pl\/index.php\/wp-json\/wp\/v2\/pages"}],"about":[{"href":"https:\/\/zdrowiejoga.pl\/index.php\/wp-json\/wp\/v2\/types\/page"}],"author":[{"embeddable":true,"href":"https:\/\/zdrowiejoga.pl\/index.php\/wp-json\/wp\/v2\/users\/1"}],"replies":[{"embeddable":true,"href":"https:\/\/zdrowiejoga.pl\/index.php\/wp-json\/wp\/v2\/comments?post=745"}],"version-history":[{"count":56,"href":"https:\/\/zdrowiejoga.pl\/index.php\/wp-json\/wp\/v2\/pages\/745\/revisions"}],"predecessor-version":[{"id":3183,"href":"https:\/\/zdrowiejoga.pl\/index.php\/wp-json\/wp\/v2\/pages\/745\/revisions\/3183"}],"wp:attachment":[{"href":"https:\/\/zdrowiejoga.pl\/index.php\/wp-json\/wp\/v2\/media?parent=745"}],"curies":[{"name":"wp","href":"https:\/\/api.w.org\/{rel}","templated":true}]}}