{"id":634,"date":"2025-06-12T01:10:44","date_gmt":"2025-06-12T01:10:44","guid":{"rendered":"http:\/\/zdrowiejoga.pl\/?page_id=634"},"modified":"2025-07-13T14:25:50","modified_gmt":"2025-07-13T14:25:50","slug":"krol-przypraw-szafran","status":"publish","type":"page","link":"https:\/\/zdrowiejoga.pl\/index.php\/krol-przypraw-szafran\/","title":{"rendered":"Artyku\u0142y \u2014 SZAFRAN"},"content":{"rendered":"\t\t<div data-elementor-type=\"wp-page\" data-elementor-id=\"634\" class=\"elementor elementor-634\">\n\t\t\t\t<div class=\"elementor-element elementor-element-c7cb4df e-flex e-con-boxed e-con e-parent\" data-id=\"c7cb4df\" data-element_type=\"container\">\n\t\t\t\t\t<div class=\"e-con-inner\">\n\t\t<div class=\"elementor-element elementor-element-f224113 e-con-full e-flex e-con e-child\" data-id=\"f224113\" data-element_type=\"container\" data-settings=\"{&quot;background_background&quot;:&quot;classic&quot;}\">\n\t\t\t\t<div class=\"elementor-element elementor-element-44aa1ce elementor-widget elementor-widget-heading\" data-id=\"44aa1ce\" data-element_type=\"widget\" data-widget_type=\"heading.default\">\n\t\t\t\t<div class=\"elementor-widget-container\">\n\t\t\t\t\t<h2 class=\"elementor-heading-title elementor-size-default\">Kr\u00f3l przypraw- SZAFRAN<\/h2>\t\t\t\t<\/div>\n\t\t\t\t<\/div>\n\t\t\t\t<div class=\"elementor-element elementor-element-8618c26 elementor-widget elementor-widget-heading\" data-id=\"8618c26\" data-element_type=\"widget\" data-widget_type=\"heading.default\">\n\t\t\t\t<div class=\"elementor-widget-container\">\n\t\t\t\t\t<h2 class=\"elementor-heading-title elementor-size-default\">28.11.2019 przez webmaster<\/h2>\t\t\t\t<\/div>\n\t\t\t\t<\/div>\n\t\t\t\t<div class=\"elementor-element elementor-element-98fd62d elementor-widget__width-initial elementor-widget elementor-widget-image\" data-id=\"98fd62d\" data-element_type=\"widget\" data-widget_type=\"image.default\">\n\t\t\t\t<div class=\"elementor-widget-container\">\n\t\t\t\t\t\t\t\t\t\t\t\t\t\t\t<img fetchpriority=\"high\" decoding=\"async\" width=\"300\" height=\"200\" src=\"https:\/\/zdrowiejoga.pl\/wp-content\/uploads\/2025\/06\/szaf-300x200.jpg\" class=\"attachment-medium size-medium wp-image-523\" alt=\"\" srcset=\"https:\/\/zdrowiejoga.pl\/wp-content\/uploads\/2025\/06\/szaf-300x200.jpg 300w, https:\/\/zdrowiejoga.pl\/wp-content\/uploads\/2025\/06\/szaf.jpg 575w\" sizes=\"(max-width: 300px) 100vw, 300px\" \/>\t\t\t\t\t\t\t\t\t\t\t\t\t\t\t<\/div>\n\t\t\t\t<\/div>\n\t\t\t\t<div class=\"elementor-element elementor-element-9ccf86e elementor-widget elementor-widget-text-editor\" data-id=\"9ccf86e\" data-element_type=\"widget\" data-widget_type=\"text-editor.default\">\n\t\t\t\t<div class=\"elementor-widget-container\">\n\t\t\t\t\t\t\t\t\t<p>Szafran \u2013 jest znany ludzko\u015bci od ponad 4000 lat.\u00a0 Jest to najbardziej kosztowna przyprawa na \u015bwiecie, poniewa\u017c produkcja szafranu jest bardzo czasoch\u0142onna. Szafran mo\u017cna uzyska\u0107 zbieraj\u0105c pr\u0119ciki krokusa fioletowego z zaledwie trzech stygmat\u00f3w. Spraw\u0119 komplikuje fakt, \u017ce krokus kwitnie tylko 2-3 dni i pr\u0119ciki trzeba zbiera\u0107 w pierwszym dniu otwarcia p\u0105ka, r\u0119cznie, jeszcze przed wschodem s\u0142o\u0144ca. Kilogram szafranu uzyskuje si\u0119 z 200 000 kwiat\u00f3w.\u00a0Szafran uprawiany jest tak d\u0142ugo, \u017ce \u200b\u200bnie mo\u017cna nawet dok\u0142adnie powiedzie\u0107, od jakiego s\u0142owa wywodzi si\u0119 jego nazwa. Uwa\u017ca si\u0119, \u017ce w jaskiniach neolitycznych rysunki na \u015bcianach wykonywano szafranem. Staro\u017cytni Grecy wierzyli w pobudzaj\u0105ce moce szafranu, u\u017cywali go do k\u0105pieli i usypywano nim \u0142\u00f3\u017cka. Szafran od dawna znalaz\u0142 te\u017c zastosowanie w leczeniu wielu chor\u00f3b. Pomimo faktu, \u017ce ojczyzn\u0105 szafranu jest Bliski Wsch\u00f3d, nauczy\u0142 si\u0119 on rozwija\u0107 w Hiszpanii, W\u0142oszech i Turcji oraz w niekt\u00f3rych innych krajach.<\/p><p>Udowodniono, \u017ce szafran \u2013 to bardzo silny przeciwutleniacz, kt\u00f3ry niszczy wytwarzane w ludzkim organizmie szkodliwe substancje, kt\u00f3re powstaj\u0105 wraz z wiekiem. Zawiera karotenoidy, kt\u00f3re powoduj\u0105 przemian\u0119 energii, co prowadzi do niszczenia szkodliwych substancji w syntezie z cia\u0142em. Wed\u0142ug niekt\u00f3rych wsp\u00f3\u0142czesnych uczonych, niemal w ka\u017cdej chorobie, czy to w pocz\u0105tkowym etapie lub p\u00f3\u017aniej, szafran pomaga w 85-87%. Na przyk\u0142ad, szafran pobudza uk\u0142ad nerwowy, doskonale dzia\u0142a na \u017ce\u0144skie narz\u0105dy p\u0142ciowe poprawia ich funkcjonowanie i aktywno\u015b\u0107, zwi\u0119ksza wydalanie b\u0142ony \u015bluzowej uk\u0142adu oddechowego u dzieci.<\/p><p>Szafran ma doskona\u0142e w\u0142a\u015bciwo\u015bci lecznicze, leczy ponad 100 chor\u00f3b. S\u0105 to:<\/p><p>\u2022 profilaktyka raka (hamuje rozw\u00f3j guz\u00f3w i blokuje wzrost kom\u00f3rek nowotworowych);<\/p><p>\u2022 oczyszczanie krwi (odnawia i oczyszcza krew, a tym samym wzmacnia uk\u0142ad kr\u0105\u017cenia i zaopatruje wszystkie kom\u00f3rki organizmu);<\/p><p>\u2022 poprawa aktywno\u015bci m\u00f3zgu (wzrost tkanki m\u00f3zgowej, poprawa pami\u0119ci);<\/p><p>\u2022 nerwice<\/p><p>\u2022 migrenyi bezsenno\u015b\u0107;<\/p><p>\u2022 regulacja funkcji przewodu pokarmowego;<\/p><p>\u2022 pomoc w pozbyciu si\u0119 nadmiaru \u017c\u00f3\u0142ci;<\/p><p>\u2022 oczyszczenie nerek i p\u0119cherza moczowego (mieszanka szafranu i miodu pomaga w fragmentacji kamieni w nerkach i p\u0119cherzu moczowym);<\/p><p>\u2022 dzia\u0142anie antyoksydacyjne (poprawa metabolizmu energetycznego, eliminacjia substancji niebezpiecznych);<\/p><p>\u2022 przywr\u00f3cenie wzroku, leczenie siatk\u00f3wki oka;<\/p><p>\u2022 poprawa erekcji;<\/p><p>\u2022 ulga w b\u00f3lu w krytycznych momentach;<\/p><p>\u2022 leczenie oparze\u0144 i nowotwor\u00f3w;<\/p><p>\u2022 ulga w alergii;<\/p><p>\u2022 leczenie uzale\u017cnienia od alkoholu;<\/p><p>\u2022 odm\u0142odzenie ca\u0142ego organizmu;<\/p><p>\u2022 zmniejszenie poziomu promieniowania w organizmie.<\/p><p>Naukowcy wielokrotnie udowodnili, \u017ce poprzez\u00a0 obecno\u015b\u0107 w szafranie unikalnych w\u0142a\u015bciwo\u015bciach leczniczych, kt\u00f3re s\u0105 obecnie stosowane w leczeniu 80% chor\u00f3b. Najprostszym sposobem korzystania z szafranu, kt\u00f3ry eksperci zalecaj\u0105 jest regularne stosowanie pr\u0119cik\u00f3w szafranu.<\/p>\t\t\t\t\t\t\t\t<\/div>\n\t\t\t\t<\/div>\n\t\t<div class=\"elementor-element elementor-element-f7e59fe e-con-full e-flex e-con e-child\" data-id=\"f7e59fe\" data-element_type=\"container\">\n\t\t\t\t<div class=\"elementor-element elementor-element-5041487 elementor-align-right elementor-widget elementor-widget-button\" data-id=\"5041487\" data-element_type=\"widget\" data-widget_type=\"button.default\">\n\t\t\t\t<div class=\"elementor-widget-container\">\n\t\t\t\t\t\t\t\t\t<div class=\"elementor-button-wrapper\">\n\t\t\t\t\t<a class=\"elementor-button elementor-button-link elementor-size-sm\" href=\"#\">\n\t\t\t\t\t\t<span class=\"elementor-button-content-wrapper\">\n\t\t\t\t\t\t\t\t\t<span class=\"elementor-button-text\">Dodaj komentarz<\/span>\n\t\t\t\t\t<\/span>\n\t\t\t\t\t<\/a>\n\t\t\t\t<\/div>\n\t\t\t\t\t\t\t\t<\/div>\n\t\t\t\t<\/div>\n\t\t\t\t<div class=\"elementor-element elementor-element-7575e5a elementor-button-info elementor-align-right elementor-widget elementor-widget-button\" data-id=\"7575e5a\" data-element_type=\"widget\" data-widget_type=\"button.default\">\n\t\t\t\t<div class=\"elementor-widget-container\">\n\t\t\t\t\t\t\t\t\t<div class=\"elementor-button-wrapper\">\n\t\t\t\t\t<a class=\"elementor-button elementor-button-link elementor-size-sm\" href=\"https:\/\/zdrowiejoga.pl\/index.php\/artykuly\/\">\n\t\t\t\t\t\t<span class=\"elementor-button-content-wrapper\">\n\t\t\t\t\t\t\t\t\t<span class=\"elementor-button-text\">Wszystkie artyku\u0142y<\/span>\n\t\t\t\t\t<\/span>\n\t\t\t\t\t<\/a>\n\t\t\t\t<\/div>\n\t\t\t\t\t\t\t\t<\/div>\n\t\t\t\t<\/div>\n\t\t\t\t<\/div>\n\t\t\t\t<\/div>\n\t\t\t\t\t<\/div>\n\t\t\t\t<\/div>\n\t\t\t\t<\/div>\n\t\t","protected":false},"excerpt":{"rendered":"<p>Kr\u00f3l przypraw- SZAFRAN 28.11.2019 przez webmaster Szafran \u2013 jest znany ludzko\u015bci od ponad 4000 lat.\u00a0 Jest to najbardziej kosztowna przyprawa na \u015bwiecie, poniewa\u017c produkcja szafranu jest bardzo czasoch\u0142onna. Szafran mo\u017cna uzyska\u0107 zbieraj\u0105c pr\u0119ciki krokusa fioletowego z zaledwie trzech stygmat\u00f3w. Spraw\u0119 komplikuje fakt, \u017ce krokus kwitnie tylko 2-3 dni i pr\u0119ciki trzeba zbiera\u0107 w pierwszym dniu [&hellip;]<\/p>\n","protected":false},"author":1,"featured_media":0,"parent":0,"menu_order":0,"comment_status":"closed","ping_status":"closed","template":"elementor_header_footer","meta":{"ocean_post_layout":"","ocean_both_sidebars_style":"","ocean_both_sidebars_content_width":0,"ocean_both_sidebars_sidebars_width":0,"ocean_sidebar":"","ocean_second_sidebar":"","ocean_disable_margins":"enable","ocean_add_body_class":"","ocean_shortcode_before_top_bar":"","ocean_shortcode_after_top_bar":"","ocean_shortcode_before_header":"","ocean_shortcode_after_header":"","ocean_has_shortcode":"","ocean_shortcode_after_title":"","ocean_shortcode_before_footer_widgets":"","ocean_shortcode_after_footer_widgets":"","ocean_shortcode_before_footer_bottom":"","ocean_shortcode_after_footer_bottom":"","ocean_display_top_bar":"default","ocean_display_header":"default","ocean_header_style":"","ocean_center_header_left_menu":"","ocean_custom_header_template":"","ocean_custom_logo":0,"ocean_custom_retina_logo":0,"ocean_custom_logo_max_width":0,"ocean_custom_logo_tablet_max_width":0,"ocean_custom_logo_mobile_max_width":0,"ocean_custom_logo_max_height":0,"ocean_custom_logo_tablet_max_height":0,"ocean_custom_logo_mobile_max_height":0,"ocean_header_custom_menu":"","ocean_menu_typo_font_family":"","ocean_menu_typo_font_subset":"","ocean_menu_typo_font_size":0,"ocean_menu_typo_font_size_tablet":0,"ocean_menu_typo_font_size_mobile":0,"ocean_menu_typo_font_size_unit":"px","ocean_menu_typo_font_weight":"","ocean_menu_typo_font_weight_tablet":"","ocean_menu_typo_font_weight_mobile":"","ocean_menu_typo_transform":"","ocean_menu_typo_transform_tablet":"","ocean_menu_typo_transform_mobile":"","ocean_menu_typo_line_height":0,"ocean_menu_typo_line_height_tablet":0,"ocean_menu_typo_line_height_mobile":0,"ocean_menu_typo_line_height_unit":"","ocean_menu_typo_spacing":0,"ocean_menu_typo_spacing_tablet":0,"ocean_menu_typo_spacing_mobile":0,"ocean_menu_typo_spacing_unit":"","ocean_menu_link_color":"","ocean_menu_link_color_hover":"","ocean_menu_link_color_active":"","ocean_menu_link_background":"","ocean_menu_link_hover_background":"","ocean_menu_link_active_background":"","ocean_menu_social_links_bg":"","ocean_menu_social_hover_links_bg":"","ocean_menu_social_links_color":"","ocean_menu_social_hover_links_color":"","ocean_disable_title":"default","ocean_disable_heading":"default","ocean_post_title":"","ocean_post_subheading":"","ocean_post_title_style":"","ocean_post_title_background_color":"","ocean_post_title_background":0,"ocean_post_title_bg_image_position":"","ocean_post_title_bg_image_attachment":"","ocean_post_title_bg_image_repeat":"","ocean_post_title_bg_image_size":"","ocean_post_title_height":0,"ocean_post_title_bg_overlay":0.5,"ocean_post_title_bg_overlay_color":"","ocean_disable_breadcrumbs":"default","ocean_breadcrumbs_color":"","ocean_breadcrumbs_separator_color":"","ocean_breadcrumbs_links_color":"","ocean_breadcrumbs_links_hover_color":"","ocean_display_footer_widgets":"default","ocean_display_footer_bottom":"default","ocean_custom_footer_template":"","footnotes":""},"class_list":["post-634","page","type-page","status-publish","hentry","entry"],"_links":{"self":[{"href":"https:\/\/zdrowiejoga.pl\/index.php\/wp-json\/wp\/v2\/pages\/634","targetHints":{"allow":["GET"]}}],"collection":[{"href":"https:\/\/zdrowiejoga.pl\/index.php\/wp-json\/wp\/v2\/pages"}],"about":[{"href":"https:\/\/zdrowiejoga.pl\/index.php\/wp-json\/wp\/v2\/types\/page"}],"author":[{"embeddable":true,"href":"https:\/\/zdrowiejoga.pl\/index.php\/wp-json\/wp\/v2\/users\/1"}],"replies":[{"embeddable":true,"href":"https:\/\/zdrowiejoga.pl\/index.php\/wp-json\/wp\/v2\/comments?post=634"}],"version-history":[{"count":22,"href":"https:\/\/zdrowiejoga.pl\/index.php\/wp-json\/wp\/v2\/pages\/634\/revisions"}],"predecessor-version":[{"id":2844,"href":"https:\/\/zdrowiejoga.pl\/index.php\/wp-json\/wp\/v2\/pages\/634\/revisions\/2844"}],"wp:attachment":[{"href":"https:\/\/zdrowiejoga.pl\/index.php\/wp-json\/wp\/v2\/media?parent=634"}],"curies":[{"name":"wp","href":"https:\/\/api.w.org\/{rel}","templated":true}]}}